{"id":6,"date":"2014-02-19T20:08:43","date_gmt":"2014-02-19T20:08:43","guid":{"rendered":"http:\/\/imageportrait.de\/?page_id=6"},"modified":"2014-02-20T11:14:26","modified_gmt":"2014-02-20T11:14:26","slug":"imagetv-de","status":"publish","type":"page","link":"http:\/\/imageTV.de\/?page_id=6","title":{"rendered":"imageTV.de"},"content":{"rendered":"<p>Wir freuen uns \u00fcber Ihr Interesse an unseren Leistungen. Wir produzieren passgenaue Unternehmensdarstellungen und lassen Mehrwert und Kundennutzen von Unternehmen transparent und lebendig werden.<\/p>\n<p>Sie planen den Einsatz eines Imagefilms oder einer hochwertigen Produktpr\u00e4sentation auch f\u00fcr Ihren Gesch\u00e4ftsbereich?<\/p>\n<p>\u00dcber unser individuelles Angebot beraten wir Sie gerne pers\u00f6nlich. Auf Wunsch sind wir auch \u00fcber das aktuelle Projekt hinaus Ihr Ansprechpartner wenn es darum geht, weitere Themen f\u00fcr eine erfolgreiche \u00d6ffentlichkeitsarbeit im Dialog mit Ihnen gemeinsam zu entwickeln.<\/p>\n","protected":false},"excerpt":{"rendered":"<p>Wir freuen uns \u00fcber Ihr Interesse an unseren Leistungen. Wir produzieren passgenaue Unternehmensdarstellungen und lassen Mehrwert und Kundennutzen von Unternehmen transparent und lebendig werden. Sie planen den Einsatz eines Imagefilms oder einer hochwertigen Produktpr\u00e4sentation auch f\u00fcr Ihren Gesch\u00e4ftsbereich? \u00dcber unser individuelles Angebot beraten wir Sie gerne pers\u00f6nlich. Auf Wunsch sind wir auch \u00fcber das aktuelle &hellip; <a href=\"http:\/\/imageTV.de\/?page_id=6\" class=\"more-link\"><span class=\"screen-reader-text\">imageTV.de<\/span> weiterlesen <span class=\"meta-nav\">&rarr;<\/span><\/a><\/p>\n","protected":false},"author":1,"featured_media":0,"parent":0,"menu_order":0,"comment_status":"closed","ping_status":"closed","template":"full-width-page.php","meta":[],"_links":{"self":[{"href":"http:\/\/imageTV.de\/index.php?rest_route=\/wp\/v2\/pages\/6"}],"collection":[{"href":"http:\/\/imageTV.de\/index.php?rest_route=\/wp\/v2\/pages"}],"about":[{"href":"http:\/\/imageTV.de\/index.php?rest_route=\/wp\/v2\/types\/page"}],"author":[{"embeddable":true,"href":"http:\/\/imageTV.de\/index.php?rest_route=\/wp\/v2\/users\/1"}],"replies":[{"embeddable":true,"href":"http:\/\/imageTV.de\/index.php?rest_route=%2Fwp%2Fv2%2Fcomments&post=6"}],"version-history":[{"count":1,"href":"http:\/\/imageTV.de\/index.php?rest_route=\/wp\/v2\/pages\/6\/revisions"}],"predecessor-version":[{"id":7,"href":"http:\/\/imageTV.de\/index.php?rest_route=\/wp\/v2\/pages\/6\/revisions\/7"}],"wp:attachment":[{"href":"http:\/\/imageTV.de\/index.php?rest_route=%2Fwp%2Fv2%2Fmedia&parent=6"}],"curies":[{"name":"wp","href":"https:\/\/api.w.org\/{rel}","templated":true}]}}

<p>Wir freuen uns über Ihr Interesse an unseren Leistungen. Wir produzieren passgenaue Unternehmensdarstellungen und lassen Mehrwert und Kundennutzen von Unternehmen transparent und lebendig werden.</p>
<p>Sie planen den Einsatz eines Imagefilms oder einer hochwertigen Produktpräsentation auch für Ihren Geschäftsbereich?</p>
<p>Über unser individuelles Angebot beraten wir Sie gerne persönlich. Auf Wunsch sind wir auch über das aktuelle Projekt hinaus Ihr Ansprechpartner wenn es darum geht, weitere Themen für eine erfolgreiche Öffentlichkeitsarbeit im Dialog mit Ihnen gemeinsam zu entwickeln.</p>

<p>Wir freuen uns über Ihr Interesse an unseren Leistungen. Wir produzieren passgenaue Unternehmensdarstellungen und lassen Mehrwert und Kundennutzen von Unternehmen transparent und lebendig werden. Sie planen den Einsatz eines Imagefilms oder einer hochwertigen Produktpräsentation auch für Ihren Geschäftsbereich? Über unser individuelles Angebot beraten wir Sie gerne persönlich. Auf Wunsch sind wir auch über das aktuelle &hellip; <a href="http://imageTV.de/?page_id=6" class="more-link"><span class="screen-reader-text">imageTV.de</span> weiterlesen <span class="meta-nav">&rarr;</span></a></p>
