{"id":16,"date":"2014-02-19T20:16:28","date_gmt":"2014-02-19T20:16:28","guid":{"rendered":"http:\/\/imageportrait.de\/?page_id=16"},"modified":"2014-02-25T12:20:17","modified_gmt":"2014-02-25T12:20:17","slug":"filmproduktion-oeffentlichkeitsarbeit","status":"publish","type":"page","link":"http:\/\/imageTV.de\/?page_id=16","title":{"rendered":"Leistungen"},"content":{"rendered":"<p>Mit vielen unserer Kunden verbindet uns eine langfristige und vertrauensvolle Zusammenarbeit, in deren Mittelpunkt die Konzeption und Produktion von Unternehmensdarstellungen, Produktvideos, Anwenderreportagen und Event-Dokumentation steht.<\/p>\n<p>Mehrsprachige Produktionen f\u00fcr den Corporate-Bereich zur internen Kommunikation in internationalen Unternehmen runden unser Portfolio ab.<\/p>\n<p>Auf Wunsch unterst\u00fctzen wir Unternehmen durch Pressearbeit. Diese umfasst die redaktionelle Erstellung von Fachbeitr\u00e4gen f\u00fcr Printmagazine (auch als Namensartikel f\u00fcr Gesch\u00e4ftsf\u00fchrung und Vorstand) sowie das Verfassen von Anwenderberichten und Success-Stories und die Aufarbeitung von Content f\u00fcr die Unternehmenswebsite.<\/p>\n","protected":false},"excerpt":{"rendered":"<p>Mit vielen unserer Kunden verbindet uns eine langfristige und vertrauensvolle Zusammenarbeit, in deren Mittelpunkt die Konzeption und Produktion von Unternehmensdarstellungen, Produktvideos, Anwenderreportagen und Event-Dokumentation steht. Mehrsprachige Produktionen f\u00fcr den Corporate-Bereich zur internen Kommunikation in internationalen Unternehmen runden unser Portfolio ab. Auf Wunsch unterst\u00fctzen wir Unternehmen durch Pressearbeit. Diese umfasst die redaktionelle Erstellung von Fachbeitr\u00e4gen f\u00fcr &hellip; <a href=\"http:\/\/imageTV.de\/?page_id=16\" class=\"more-link\"><span class=\"screen-reader-text\">Leistungen<\/span> weiterlesen <span class=\"meta-nav\">&rarr;<\/span><\/a><\/p>\n","protected":false},"author":1,"featured_media":0,"parent":0,"menu_order":4,"comment_status":"closed","ping_status":"closed","template":"","meta":[],"_links":{"self":[{"href":"http:\/\/imageTV.de\/index.php?rest_route=\/wp\/v2\/pages\/16"}],"collection":[{"href":"http:\/\/imageTV.de\/index.php?rest_route=\/wp\/v2\/pages"}],"about":[{"href":"http:\/\/imageTV.de\/index.php?rest_route=\/wp\/v2\/types\/page"}],"author":[{"embeddable":true,"href":"http:\/\/imageTV.de\/index.php?rest_route=\/wp\/v2\/users\/1"}],"replies":[{"embeddable":true,"href":"http:\/\/imageTV.de\/index.php?rest_route=%2Fwp%2Fv2%2Fcomments&post=16"}],"version-history":[{"count":4,"href":"http:\/\/imageTV.de\/index.php?rest_route=\/wp\/v2\/pages\/16\/revisions"}],"predecessor-version":[{"id":147,"href":"http:\/\/imageTV.de\/index.php?rest_route=\/wp\/v2\/pages\/16\/revisions\/147"}],"wp:attachment":[{"href":"http:\/\/imageTV.de\/index.php?rest_route=%2Fwp%2Fv2%2Fmedia&parent=16"}],"curies":[{"name":"wp","href":"https:\/\/api.w.org\/{rel}","templated":true}]}}

<p>Mit vielen unserer Kunden verbindet uns eine langfristige und vertrauensvolle Zusammenarbeit, in deren Mittelpunkt die Konzeption und Produktion von Unternehmensdarstellungen, Produktvideos, Anwenderreportagen und Event-Dokumentation steht.</p>
<p>Mehrsprachige Produktionen für den Corporate-Bereich zur internen Kommunikation in internationalen Unternehmen runden unser Portfolio ab.</p>
<p>Auf Wunsch unterstützen wir Unternehmen durch Pressearbeit. Diese umfasst die redaktionelle Erstellung von Fachbeiträgen für Printmagazine (auch als Namensartikel für Geschäftsführung und Vorstand) sowie das Verfassen von Anwenderberichten und Success-Stories und die Aufarbeitung von Content für die Unternehmenswebsite.</p>

<p>Mit vielen unserer Kunden verbindet uns eine langfristige und vertrauensvolle Zusammenarbeit, in deren Mittelpunkt die Konzeption und Produktion von Unternehmensdarstellungen, Produktvideos, Anwenderreportagen und Event-Dokumentation steht. Mehrsprachige Produktionen für den Corporate-Bereich zur internen Kommunikation in internationalen Unternehmen runden unser Portfolio ab. Auf Wunsch unterstützen wir Unternehmen durch Pressearbeit. Diese umfasst die redaktionelle Erstellung von Fachbeiträgen für &hellip; <a href="http://imageTV.de/?page_id=16" class="more-link"><span class="screen-reader-text">Leistungen</span> weiterlesen <span class="meta-nav">&rarr;</span></a></p>
