{"id":14,"date":"2014-02-19T20:12:32","date_gmt":"2014-02-19T20:12:32","guid":{"rendered":"http:\/\/imageportrait.de\/?page_id=14"},"modified":"2014-02-19T22:06:53","modified_gmt":"2014-02-19T22:06:53","slug":"unser-anspruch","status":"publish","type":"page","link":"http:\/\/imageTV.de\/?page_id=14","title":{"rendered":"Unser Anspruch"},"content":{"rendered":"<p>Ein Imagefilm veranschaulicht die Kompetenz eines Unternehmens und den Nutzen seiner Produkte und Dienstleistungen. Er er\u00f6ffnet\u00a0 zus\u00e4tzliche M\u00f6glichkeiten in der externen Kommunikation, denn der Imagefilm vermittelt die Philosophie des\u00a0 Unternehmens und seiner Mitarbeiter in hoher Qualit\u00e4t weitaus anschaulicher, als eine konventionelle Pr\u00e4sentation dies leisten k\u00f6nnte.<\/p>\n<p>Der Imagefilm motiviert das eigene Team, bindet Bestandskunden und unterst\u00fctzt die Erschlie\u00dfung neuer Gesch\u00e4ftskontakte. Er bietet dar\u00fcber hinaus die Gelegenheit, wichtige Referenzkunden aktiv einzubinden. Denn Testimonials eignen sich ideal, den Mehrwert Ihrer Unternehmensleistung durch Aussagen von Kunden authentisch zu dokumentieren und die Kunden damit zugleich wertzusch\u00e4tzen.<\/p>\n<p>Wir analysieren intensiv Ihr Marktsegment, Ihre Alleinstellungsmerkmale und Kundenausrichtung, um ein individuelles Konzept\u00a0 zu erarbeiten, das Ihrem Unternehmen und Leistungen\u00a0 gerecht wird und damit die Zielgruppe optimal erreicht.<\/p>\n","protected":false},"excerpt":{"rendered":"<p>Ein Imagefilm veranschaulicht die Kompetenz eines Unternehmens und den Nutzen seiner Produkte und Dienstleistungen. Er er\u00f6ffnet\u00a0 zus\u00e4tzliche M\u00f6glichkeiten in der externen Kommunikation, denn der Imagefilm vermittelt die Philosophie des\u00a0 Unternehmens und seiner Mitarbeiter in hoher Qualit\u00e4t weitaus anschaulicher, als eine konventionelle Pr\u00e4sentation dies leisten k\u00f6nnte. Der Imagefilm motiviert das eigene Team, bindet Bestandskunden und unterst\u00fctzt &hellip; <a href=\"http:\/\/imageTV.de\/?page_id=14\" class=\"more-link\"><span class=\"screen-reader-text\">Unser Anspruch<\/span> weiterlesen <span class=\"meta-nav\">&rarr;<\/span><\/a><\/p>\n","protected":false},"author":1,"featured_media":0,"parent":0,"menu_order":3,"comment_status":"closed","ping_status":"closed","template":"","meta":[],"_links":{"self":[{"href":"http:\/\/imageTV.de\/index.php?rest_route=\/wp\/v2\/pages\/14"}],"collection":[{"href":"http:\/\/imageTV.de\/index.php?rest_route=\/wp\/v2\/pages"}],"about":[{"href":"http:\/\/imageTV.de\/index.php?rest_route=\/wp\/v2\/types\/page"}],"author":[{"embeddable":true,"href":"http:\/\/imageTV.de\/index.php?rest_route=\/wp\/v2\/users\/1"}],"replies":[{"embeddable":true,"href":"http:\/\/imageTV.de\/index.php?rest_route=%2Fwp%2Fv2%2Fcomments&post=14"}],"version-history":[{"count":1,"href":"http:\/\/imageTV.de\/index.php?rest_route=\/wp\/v2\/pages\/14\/revisions"}],"predecessor-version":[{"id":15,"href":"http:\/\/imageTV.de\/index.php?rest_route=\/wp\/v2\/pages\/14\/revisions\/15"}],"wp:attachment":[{"href":"http:\/\/imageTV.de\/index.php?rest_route=%2Fwp%2Fv2%2Fmedia&parent=14"}],"curies":[{"name":"wp","href":"https:\/\/api.w.org\/{rel}","templated":true}]}}

<p>Ein Imagefilm veranschaulicht die Kompetenz eines Unternehmens und den Nutzen seiner Produkte und Dienstleistungen. Er eröffnet  zusätzliche Möglichkeiten in der externen Kommunikation, denn der Imagefilm vermittelt die Philosophie des  Unternehmens und seiner Mitarbeiter in hoher Qualität weitaus anschaulicher, als eine konventionelle Präsentation dies leisten könnte.</p>
<p>Der Imagefilm motiviert das eigene Team, bindet Bestandskunden und unterstützt die Erschließung neuer Geschäftskontakte. Er bietet darüber hinaus die Gelegenheit, wichtige Referenzkunden aktiv einzubinden. Denn Testimonials eignen sich ideal, den Mehrwert Ihrer Unternehmensleistung durch Aussagen von Kunden authentisch zu dokumentieren und die Kunden damit zugleich wertzuschätzen.</p>
<p>Wir analysieren intensiv Ihr Marktsegment, Ihre Alleinstellungsmerkmale und Kundenausrichtung, um ein individuelles Konzept  zu erarbeiten, das Ihrem Unternehmen und Leistungen  gerecht wird und damit die Zielgruppe optimal erreicht.</p>

<p>Ein Imagefilm veranschaulicht die Kompetenz eines Unternehmens und den Nutzen seiner Produkte und Dienstleistungen. Er eröffnet  zusätzliche Möglichkeiten in der externen Kommunikation, denn der Imagefilm vermittelt die Philosophie des  Unternehmens und seiner Mitarbeiter in hoher Qualität weitaus anschaulicher, als eine konventionelle Präsentation dies leisten könnte. Der Imagefilm motiviert das eigene Team, bindet Bestandskunden und unterstützt &hellip; <a href="http://imageTV.de/?page_id=14" class="more-link"><span class="screen-reader-text">Unser Anspruch</span> weiterlesen <span class="meta-nav">&rarr;</span></a></p>
